{"id":17,"date":"2018-03-23T15:35:00","date_gmt":"2018-03-23T15:35:00","guid":{"rendered":"http:\/\/www.davideblandino.it\/blog\/?page_id=17"},"modified":"2018-03-24T15:32:01","modified_gmt":"2018-03-24T15:32:01","slug":"bio","status":"publish","type":"page","link":"https:\/\/www.davideblandino.it\/blog\/bio\/","title":{"rendered":"Bio"},"content":{"rendered":"<div class=\"wrapper\">\n<p class=\"pad_bot1\">Nasco nel 1981, in una famiglia che per origini \u00e8 strettamente legata alla fotografia da un lato e all&#8217;insegnamento dall&#8217;altro. L&#8217;influenza dei parenti fotografi si fa subito sentire e comincio molto presto a giocare con la Canon FTB di mio padre e il suo inseparabile 50mm. Ricordo ancora la cucina tutta oscurata, la luce rossa e i bagni di sviluppo. Molti rullini passano, colori, diapo, bianco e nero, provo di tutto e mi soffermo in particolare sulla fotografia astronomica. La FTB ha da sempre l&#8217;esposimetro rotto e questo mi obbliga a capire fin da subito come gestire la luce e l&#8217;esposizione, senza ausili di sorta, finche non diventa per me un automatismo, qualcosa di intuitivo.<br \/>\nSiamo gi\u00e0 alla fine degli anni 90 quando decido di passare a qualcosa di pi\u00f9 moderno. Compro una nuova Canon EOS, sempre analogica, che per\u00f2 non mi fa provare le stesse emozioni.<br \/>\nDopo qualche anno, decido di vendere tutto l&#8217;ingombrante e pesante corredo Canon EOS e passare al digitale. Arriva cos\u00ec una compattina IXUS700 che sar\u00e0 compagna di molti viaggi.<\/p>\n<\/div>\n<p class=\"pad_bot1\">Chi comincia con i rullini e senza esposimetro per\u00f2, sta presto stretto con una compatta. Valutato e provato quanto presente sul mercato compro la mia prima DSLR passando a Nikon.<br \/>\nE&#8217; in questo momento che decido di prendere seriamente la mia passione e la assecondo, ampliando piano piano razionalmente il corredo e studiando ogni aspetto della fotografia maniacalmente. Sono molto critico ed in ogni mio scatto riesco a trovare l&#8217;imperfezione che mi esorta a cercare di migliorarmi, ad approfondire nuove tecniche, a fare nuove esperienze. Questo \u00e8 quanto tiene da sempre in moto ogni mia passione.<br \/>\nPenso che sia fondamentale per far fiorire e sviluppare una passione che questa non sia un lavoro quotidiano. La fotografia \u00e8 la mia passione ma solo il mio secondo lavoro, il mio lavoro principale \u00e8 presso un&#8217;azienda di ricerca e sviluppo Opto-Meccanica presso la quale svolgo l&#8217;incarico di Responsabile della Ricerca e Sviluppo. Sono stato molto fortunato a poter lavorare in un ambito vicino alla mia passione e questo mi ha permesso di acquisire una buona competenza tecnica nel campo dell&#8217;ottica avanzata.<br \/>\nNegli ultimi anni ho deciso di insegnare quanto so e tengo vari corsi e workshop di fotografia in apposite sedi. Offro un pacchetto di corsi completo, dalle basi tecniche fino alla composizione e al fotoritocco.<\/p>\n<p class=\"pad_bot1\">Il mio stile \u00e8 semplice, naturale. Cerco di cogliere la bellezza della realt\u00e0 senza alterarla digitalmente come va ormai troppo di moda.<\/p>\n","protected":false},"excerpt":{"rendered":"<p>Nasco nel 1981, in una famiglia che per origini \u00e8 strettamente legata alla fotografia da un lato e all&#8217;insegnamento dall&#8217;altro.[&#8230;]<\/p>\n","protected":false},"author":1,"featured_media":0,"parent":0,"menu_order":0,"comment_status":"closed","ping_status":"closed","template":"","meta":{"footnotes":""},"class_list":["post-17","page","type-page","status-publish","hentry"],"_links":{"self":[{"href":"https:\/\/www.davideblandino.it\/blog\/wp-json\/wp\/v2\/pages\/17","targetHints":{"allow":["GET"]}}],"collection":[{"href":"https:\/\/www.davideblandino.it\/blog\/wp-json\/wp\/v2\/pages"}],"about":[{"href":"https:\/\/www.davideblandino.it\/blog\/wp-json\/wp\/v2\/types\/page"}],"author":[{"embeddable":true,"href":"https:\/\/www.davideblandino.it\/blog\/wp-json\/wp\/v2\/users\/1"}],"replies":[{"embeddable":true,"href":"https:\/\/www.davideblandino.it\/blog\/wp-json\/wp\/v2\/comments?post=17"}],"version-history":[{"count":3,"href":"https:\/\/www.davideblandino.it\/blog\/wp-json\/wp\/v2\/pages\/17\/revisions"}],"predecessor-version":[{"id":72,"href":"https:\/\/www.davideblandino.it\/blog\/wp-json\/wp\/v2\/pages\/17\/revisions\/72"}],"wp:attachment":[{"href":"https:\/\/www.davideblandino.it\/blog\/wp-json\/wp\/v2\/media?parent=17"}],"curies":[{"name":"wp","href":"https:\/\/api.w.org\/{rel}","templated":true}]}}

<div class="wrapper">
<p class="pad_bot1">Nasco nel 1981, in una famiglia che per origini è strettamente legata alla fotografia da un lato e all&#8217;insegnamento dall&#8217;altro. L&#8217;influenza dei parenti fotografi si fa subito sentire e comincio molto presto a giocare con la Canon FTB di mio padre e il suo inseparabile 50mm. Ricordo ancora la cucina tutta oscurata, la luce rossa e i bagni di sviluppo. Molti rullini passano, colori, diapo, bianco e nero, provo di tutto e mi soffermo in particolare sulla fotografia astronomica. La FTB ha da sempre l&#8217;esposimetro rotto e questo mi obbliga a capire fin da subito come gestire la luce e l&#8217;esposizione, senza ausili di sorta, finche non diventa per me un automatismo, qualcosa di intuitivo.<br />
Siamo già alla fine degli anni 90 quando decido di passare a qualcosa di più moderno. Compro una nuova Canon EOS, sempre analogica, che però non mi fa provare le stesse emozioni.<br />
Dopo qualche anno, decido di vendere tutto l&#8217;ingombrante e pesante corredo Canon EOS e passare al digitale. Arriva così una compattina IXUS700 che sarà compagna di molti viaggi.</p>
</div>
<p class="pad_bot1">Chi comincia con i rullini e senza esposimetro però, sta presto stretto con una compatta. Valutato e provato quanto presente sul mercato compro la mia prima DSLR passando a Nikon.<br />
E&#8217; in questo momento che decido di prendere seriamente la mia passione e la assecondo, ampliando piano piano razionalmente il corredo e studiando ogni aspetto della fotografia maniacalmente. Sono molto critico ed in ogni mio scatto riesco a trovare l&#8217;imperfezione che mi esorta a cercare di migliorarmi, ad approfondire nuove tecniche, a fare nuove esperienze. Questo è quanto tiene da sempre in moto ogni mia passione.<br />
Penso che sia fondamentale per far fiorire e sviluppare una passione che questa non sia un lavoro quotidiano. La fotografia è la mia passione ma solo il mio secondo lavoro, il mio lavoro principale è presso un&#8217;azienda di ricerca e sviluppo Opto-Meccanica presso la quale svolgo l&#8217;incarico di Responsabile della Ricerca e Sviluppo. Sono stato molto fortunato a poter lavorare in un ambito vicino alla mia passione e questo mi ha permesso di acquisire una buona competenza tecnica nel campo dell&#8217;ottica avanzata.<br />
Negli ultimi anni ho deciso di insegnare quanto so e tengo vari corsi e workshop di fotografia in apposite sedi. Offro un pacchetto di corsi completo, dalle basi tecniche fino alla composizione e al fotoritocco.</p>
<p class="pad_bot1">Il mio stile è semplice, naturale. Cerco di cogliere la bellezza della realtà senza alterarla digitalmente come va ormai troppo di moda.</p>

<p>Nasco nel 1981, in una famiglia che per origini è strettamente legata alla fotografia da un lato e all&#8217;insegnamento dall&#8217;altro.[&#8230;]</p>
